
Suppose -7*t - 9941 + 100059 = 0. What are the prime factors of t?
2, 41, 157
Suppose -132 = 5*v - 37. Let q = -14 - v. Suppose 3*z - q*a = -z + 452, -5*a - 560 = -5*z. What are the prime factors of z?
2, 3
Let o(b) = 5116*b**2 - 82*b + 57. What are the prime factors of o(-4)?
82241
Suppose -6 = 20*l - 6. Suppose -u + l*u + 39 = 0. What are the prime factors of u?
3, 13
Suppose 2*n - 12*f = -14*f + 15972, 0 = -5*n - 2*f + 39942. List the prime factors of n.
2, 5, 17, 47
Let s(l) = -71*l**3 - 2*l**2 + 2*l + 4. Let z be s(-2). Let x = z + -330. Let g = x - 108. List the prime factors of g.
2, 61
Let a = -187 - -121. Let j be 840/2*a/(-55). Suppose -5*b = 84 - j. List the prime factors of b.
2, 3, 7
Let g = 379 - 407. Let v(j) = -32*j + 204. What are the prime factors of v(g)?
2, 5, 11
Suppose 0 = -5*p - 3*l + 1714, -2*p - 350 = -3*p + 3*l. What are the prime factors of p?
2, 43
Suppose 2 = 8*n + 66. Let z(k) = -57*k + 58. List the prime factors of z(n).
2, 257
Suppose -2299*t = -2315*t + 56640. What are the prime factors of t?
2, 3, 5, 59
Let i = -60 + 56. Let f(q) = -6*q**3 + 3*q**2 - 9*q - 20. What are the prime factors of f(i)?
2, 7
Let t(p) = 10*p - 75. Let g(q) = q - 1. Let l(u) = -15*g(u) + t(u). Let j be l(-10). Let o = 82 + j. What are the prime factors of o?
2, 3
Let n(w) = -w**2 + 34*w - 21. Suppose 11*v - 506 = -12*v. What are the prime factors of n(v)?
3
Let k be 16*1*(4 - (-1395)/18). Let a = 193 + k. List the prime factors of a.
3, 499
Let l = -830 + 1770. Suppose -54*i + l = -50*i. What are the prime factors of i?
5, 47
List the prime factors of 1679 - (-6)/24*-36.
2, 5, 167
Let b be 17/((-5474)/391902) - 2/(-23). Let y = b - -2416. List the prime factors of y.
11, 109
Let a(d) = -515 + 2*d**2 + 7*d - 4*d - 434 + 923. Let p = -12 + 0. What are the prime factors of a(p)?
2, 113
What are the prime factors of 546771/9 + ((-1)/5)/((-21)/70)?
3, 7, 11, 263
Suppose 4*t - 1228 - 2548 = 0. Let k = t - 395. What are the prime factors of k?
3, 61
Suppose -62*x + 296582 = 73*x - 101*x. List the prime factors of x.
11, 13, 61
What are the prime factors of -6 + 8 + 3298 - (-7 - -4)?
3, 367
Suppose 7041 = 3*g - 3*b, 2*g + 2*b = -g + 7066. Suppose 6*r = 168 - g. Let d = -213 - r. List the prime factors of d.
151
Let q = 154 + 1543. Let h = -492 + q. List the prime factors of h.
5, 241
Let v(s) = -45*s + 77. Let a be v(2). What are the prime factors of a/26*97*-2*7?
7, 97
What are the prime factors of (-12)/4 + 0 + 10105 + 140/(-28)?
23, 439
Let i be 4 + -2 + 3/(12/184). Let r be 2 + (i/(-8))/(4/6). What are the prime factors of (r/(-3) - 1) + (-12816)/(-108)?
2, 3, 5
Let n(s) = 68*s**2 + 3*s + 12. Let b be n(-4). Suppose b + 622 = 6*c. Suppose -16*a + 15*a + c = 0. List the prime factors of a.
3, 5, 19
Suppose -13486 - 17090 = -7*r. Suppose -4*s + 11*i + 5824 = 6*i, 3*s + 2*i - r = 0. What are the prime factors of s?
2, 7, 13
Suppose -8*w + 117068 = 8*w + 19820. What are the prime factors of w?
2, 3, 1013
Let z be 3/(-5*12/(-20)). Suppose -12 + 4 = -4*l. List the prime factors of (-91)/(z/(l + -3)).
7, 13
Let b = -99 + 189. Suppose -2*i + r + 609 = b, -i + 257 = -3*r. Suppose -2*d - 4*l = -106, 5*d + 5*l - i = -0*l. What are the prime factors of d?
3, 17
Suppose -87*c = 23*c + c - 1604283. List the prime factors of c.
97, 149
Let u(a) = -1449*a + 7786. List the prime factors of u(-8).
2, 9689
Let p(i) = 2*i**3 - 12*i**2 + 27*i - 131. What are the prime factors of p(14)?
17, 199
Suppose -25886 - 335524 - 79210 = -20*d. What are the prime factors of d?
22031
Suppose -5*b - 667 = -2*i, 2*b + 1 + 265 = i. Let u(j) = j**2 + j + 1. Let w be u(3). Let t = w - b. What are the prime factors of t?
2, 37
Let o = -3238 - -3239. Let z = 0 - 1. List the prime factors of (-255)/(-3) + 5 - (o + z).
2, 3, 5
Let q = 32 - 28. Suppose 2*v + 3*p - 481 = -2*p, -5*v - q*p + 1245 = 0. Suppose 3*h - 53 = v. List the prime factors of h.
2, 3, 17
Suppose -5537 = 28*h - 58928 - 23945. What are the prime factors of h?
2, 1381
Let w = 915 + -1647. Let y = 1165 + w. List the prime factors of y.
433
Suppose -4*o = -4*c + 8 - 0, -4*o - 3*c = -20. Let t(m) = -8 + 0*m**2 - 8*m + 2 + 15*m**o. What are the prime factors of t(3)?
3, 5, 7
Let u(o) = -2*o**2 - 2*o + 2. Let z(w) = -2*w**2 - 3*w + 1. Let i(f) = -3*u(f) + 2*z(f). Let j be i(3). Suppose -70 = -3*s + j. What are the prime factors of s?
2, 7
Let d(z) = -2*z**3 - 2*z**2. Let o be d(-2). Let y be (94/3)/((-65)/(-195)). Suppose -y = -o*r - 6. List the prime factors of r.
11
Let c(g) be the third derivative of g**4/12 + 121*g**3/3 + 139*g**2. List the prime factors of c(-22).
2, 3, 11
Suppose 874*z + 167981 = 749*z + 2394856. List the prime factors of z.
5, 7, 509
Let q = 246 - 410. Let b be (-2)/3 - 1516/(-6). Let u = b + q. What are the prime factors of u?
2, 11
Let c = 100 + -95. Suppose 5*q + 3*t = 4858, 3*q - 2750 = c*t + 158. List the prime factors of q.
971
Suppose -2*b + 2*k = -2*k - 24, 16 = b - 3*k. Suppose b*l = z + 20, 3*l - 3*z - 15 = -7*z. What are the prime factors of 14/(-7)*(-346)/20*l?
173
Let w(l) be the third derivative of -l**5/15 - 25*l**4/24 - l**3 - 11*l**2. Let a be w(-6). Suppose a = r + 2*r - 657. List the prime factors of r.
3, 73
Let r(c) = 40*c**3 - 10*c**2 + 17*c - 153. What are the prime factors of r(9)?
2, 3, 5, 7
Suppose 5*i - 34*c - 120062 = -31*c, i - 24017 = -4*c. List the prime factors of i.
11, 37, 59
Let n = -748 + 2095. Suppose -3*t + 1845 + n = 0. List the prime factors of t.
2, 7, 19
Let q = 1115 + -1136. Let w(s) = -5*s**2 + 16*s + 17. Let h(c) = -9*c**2 + 31*c + 34. Let a(b) = 6*h(b) - 11*w(b). What are the prime factors of a(q)?
2, 31
Suppose j = -4*j - 90. Let d(a) be the first derivative of -5*a**2/2 + 14*a - 11. List the prime factors of d(j).
2, 13
Let t be 6/15 - (-48)/30. Let l be (3/(-12)*0)/t. List the prime factors of 0/(-11) - (-97 + l).
97
Let k = 1279 + -654. Suppose 5*s + 277 = q + 52, 3*q - k = 5*s. List the prime factors of q.
2, 5
Let f = -3782 + 11591. What are the prime factors of f?
3, 19, 137
Let x(k) = -k**3 + 4*k**2 + 4*k + 5. Let f be x(4). Suppose -18 = -15*d + f*d. What are the prime factors of -6*(3 - (-308)/(-12) - d)?
2, 59
Suppose 326*u = 318*u + 43720. List the prime factors of u.
5, 1093
Suppose -4*k + 809 = -4*l - l, -4*k + 314 = -2*l. Let f = -38 - l. What are the prime factors of f?
127
What are the prime factors of 219/146 + 42286/4?
97, 109
Suppose -46*j + 53*j = 0. Suppose j = -9*s + 1997 + 6184. List the prime factors of s.
3, 101
List the prime factors of ((130/20)/1*2153)/((-7)/(-14)).
13, 2153
Suppose 5*d - 4*m - 23 = 0, 8 = 2*d + 4*m - 5*m. Let v(f) = 8 + 35 - 2 + d*f + 25. List the prime factors of v(21).
3, 43
Suppose -6 = -5*r - 16. Let z = 5 + r. List the prime factors of (1 + z/6*-1)*194.
97
Let a(w) be the third derivative of 7*w**4/12 + 23*w**3/6 + 4*w**2 - 4*w. What are the prime factors of a(5)?
3, 31
Let a = 645 - -208. Let h = a + -592. List the prime factors of h.
3, 29
Let s(i) = 219*i**2 + 18*i - 441. What are the prime factors of s(-15)?
2, 3, 19, 71
List the prime factors of (-4 - 923/(-234)) + (-5893026)/(-108).
5, 7, 1559
Let o(t) = -9*t - 20. Let r be o(-19). Let f = r + 870. Suppose 0 = -5*z + 5*b + 521 + 484, 0 = 5*z - b - f. List the prime factors of z.
5, 41
Suppose c = -2*b + 11, 4*c = 5*b - c - 65. Suppose 4466 = -m + b*m. What are the prime factors of m?
2, 11, 29
Suppose -16*m + 38265 = -15*m - 3*q, 3*q - 76485 = -2*m. List the prime factors of m.
2, 3, 5, 17
Let k(f) = 5*f**2 - 255*f + 2333. List the prime factors of k(111).
13, 2741
Suppose w = 3*x + 54, -5*w = 2*x - 210 - 111. Let d = w - 66. What are the prime factors of -1 + (35 - (5 + d/1))?
2
Let t = 374 - -4. List the prime factors of -4*(-6)/24 + t + 1.
2, 5, 19
Let l(s) = 16*s**2 + 18*s - 44. Let c be l(-10). Suppose 0 = -3*w + 3401 - c. List the prime factors of w.
3, 5
Let g = -177 + 182. Suppose 714 = -g*n + 2799. List the prime factors of n.
3, 139
Let v = 9976 - 6574. Suppose 26*j + j = v. What are the prime factors of j?
2, 3, 7
Let w be -1*7/(28/8)*2. What are the prime factors of w - -6 - (-374 - (0 + 1))?
13, 29
Suppose -30*v = -75*v + 40410. What are the prime factors of v?
2, 449
Let o(a) = -a**2 - 18*a. Let b be o(-9). Let w = 206 - b. L